+ 20. Let c(z) = -z**3 + 6*z**2 - 2*z - 1. What is the remainder when g is divided by c(p)?
21
Let f = -9 + 7. What is the remainder when 31 is divided by f/(-1 - (-9)/12)?
7
Suppose 0 = 6*s - 16*s + 680. Calculate the remainder when 474 is divided by s.
66
Let p = -5 - -3. Let i = 5 + p. Calculate the remainder when (-7)/(21/(-18)) - -2 is divided by i.
2
What is the remainder when 27 is divided by (-308)/(-33)*(-3)/(-2)?
13
Suppose 40 = 4*l + 4. Let t(g) = 2 - g + g**2 - 2*g - 6*g. What is the remainder when 5 is divided by t(l)?
1
Let n(s) = -9*s**2 - 10*s - 5. Let v(w) = 19*w**2 + 21*w + 10. Let o(q) = -13*n(q) - 6*v(q). Calculate the remainder when o(-4) is divided by 19.
18
What is the remainder when ((-1)/5 - (-68)/15)*6 is divided by 10?
6
Suppose -f + 3 + 2 = 4*z, 4*f + 20 = 4*z. Suppose -4*l + z = -10. What is the remainder when 4 is divided by l?
1
Calculate the remainder when 39 is divided by (7*4)/((-6)/(-3)).
11
Let s(f) = -f**3 - 5*f**2 + f - 6. What is the remainder when (-2 + (-792)/(-20))/(18/45) is divided by s(-6)?
22
Let q(w) = 5*w**3 - 3*w - 1. Let s be q(-2). Calculate the remainder when (-232)/(-10) + 7/s is divided by 6.
5
Let y(s) = -3*s - 2. Let n be y(-2). Suppose 3*o + 4*c - 77 = 0, -o + 0*o + 23 = n*c. What is the remainder when o is divided by 10?
7
Suppose c - 212 = -c. What is the remainder when c is divided by 36?
34
Let b(y) = -5*y - 5. Let f(a) = -8*a**3 + 2*a**2 + 2*a + 1. What is the remainder when b(-8) is divided by f(-1)?
8
Suppose 0 = -p + 3*p. Suppose 3*q + p*q = 9. Calculate the remainder when 4 is divided by (q/(-2))/((-4)/8).
1
Suppose -2*c - 3*d + 11 = 0, 3*c + 0 - 10 = 2*d. Calculate the remainder when 13 is divided by c.
1
Let f be 0/(-3 - 0 - 0). Suppose f*u - 124 = -4*u. What is the remainder when u is divided by 8?
7
Let s(d) = 2*d + 6. Calculate the remainder when 4 + 5/((-20)/(-168)) is divided by s(5).
14
Let g(k) = k - 4. Let v be g(6). Suppose -3*i - 9 = -3*f, -v*i = -0*f - f + 4. Let b(s) = -s**2 - 3*s. Calculate the remainder when b(-2) is divided by f.
0
Suppose -q + 170 = q. Suppose -4*c + q = -2*a - 67, 0 = c + 2*a - 38. Calculate the remainder when c is divided by 13.
12
Let w(s) = -s**3 + s + 76. Let q be w(0). Suppose -17 = -3*d + q. Suppose l + 2*x - 12 = 0, 4*l + 5*x - d = l. What is the remainder when 6 is divided by l?
0
What is the remainder when 6 is divided by 1 + (-11 + 3)/(-4)?
0
Let x be (-3198)/(-21) + 4/(-14). Suppose -3*h + x = 5*y, h + 5*y = -3*h + 196. Suppose 5*g - g = h. Calculate the remainder when g is divided by 6.
5
Let w(m) = -m**3 + 6*m**2 + 6*m + 9. Let a be w(7). Suppose a*g - 16 = -0. What is the remainder when 29 is divided by g?
5
Let a(o) = o**2 + 6*o + 3. Let z be a(-6). Suppose 3 = -5*p + f, 2*f - 9 = -z. Calculate the remainder when 13 is divided by -2 + p - (-11 - -2).
6
Let r be 6/((-1*1)/(-2)). Let y = 165 + -105. Suppose -y = -2*p + r. What is the remainder when p is divided by 19?
17
Let b = 498 + -481. Let w(y) = 2*y - 1. What is the remainder when b is divided by w(4)?
3
What is the remainder when 12 is divided by 1/2 + (-15)/(-2)?
4
Let n(d) = -d**3 + 13*d**2 + 10*d - 5. Calculate the remainder when n(13) is divided by 32.
29
What is the remainder when 53 is divided by ((-288)/(-56))/((-4)/(-14))?
17
Suppose -20 = -2*r + 3*m, m = 2*r + 3*m. Suppose 2*k = k + 9. What is the remainder when k is divided by r?
1
Let z(x) = x + 90. Let v be z(0). Let u = v - 52. What is the remainder when u is divided by 1/(-2) + (-82)/(-4)?
18
Let g = 34 + -19. What is the remainder when 59 is divided by g?
14
Suppose -3 + 9 = 3*w. Suppose -w*m + l + 2*l + 12 = 0, -68 = -4*m - 5*l. Calculate the remainder when 35 is divided by m.
11
Let f = -60 - -102. What is the remainder when 53 is divided by (-2)/24*-4*f?
11
Suppose 0*h - 2*h + 5*s = 77, -3*h - 88 = -2*s. What is the remainder when (h/(-8))/(11/88) is divided by 14?
12
Let r(w) be the first derivative of w**4/4 - 11*w**3/3 + 2*w**2 - 9*w - 2. What is the remainder when r(11) is divided by 6/(-9)*-9*2?
11
Suppose 2 = -2*p + 3*p, x + 3 = 3*p. Calculate the remainder when 3 is divided by x.
0
Suppose -3*i + 2 = -31. What is the remainder when 74 is divided by i?
8
Let d(t) = -24*t**2 - 1 - 3*t + 67*t**2 + 2*t. What is the remainder when d(-1) is divided by 15?
13
What is the remainder when 48/1*60/40 is divided by 15?
12
Suppose -y = -31 - 1. Let j = 53 - y. Suppose -3 = 2*v - 27. Calculate the remainder when j is divided by v.
9
Let g(z) = -z**2 - 2*z**2 + 2*z**2 - 3*z**3. What is the remainder when 2 is divided by g(-1)?
0
Suppose 4*u + 5*u = 333. Calculate the remainder when 145 is divided by u.
34
Suppose -2*a - 5*f = a - 155, 0 = 3*a - 5*f - 115. Suppose 0 = -4*y - r + 8 + 28, -a = -5*y - r. Calculate the remainder when 33 is divided by y.
6
What is the remainder when 9 is divided by (1 + -4 - 0) + 0 + 8?
4
Suppose -l - 477 = 2*l. What is the remainder when ((-124)/(-6))/((-6)/(-9)) is divided by (-2)/(-5) - l/15?
9
Let p be (72/(-16))/(1/2). Let d = -2 - p. What is the remainder when (0 + 12)/((-2)/(-3)) is divided by d?
4
Let g(m) = -m**3 + 7*m**2 + 5*m - 6. Calculate the remainder when g(4) is divided by -6*((-4)/6 + -2).
14
Let n be 0 + (-1 - -31 - -1). Suppose 4*l - n = 1. Calculate the remainder when l is divided by 7.
1
Suppose q - 4 = -0. Let s(n) = 2*n**2 - 6*n + 2. Let u(i) = -i**3 - 2*i**2 - 2*i + 2. Calculate the remainder when s(q) is divided by u(-2).
4
Let z(i) = -i**3 - 3*i**2 + 7*i - 7. What is the remainder when 29 is divided by z(-5)?
5
Suppose 4*p = 2*p + 164. Calculate the remainder when p is divided by 21.
19
Let l be (4/6)/((-2)/210). Let c = -30 + 33. Calculate the remainder when (l/c)/(4/(-6)) is divided by 12.
11
Let f be (6/(-21))/(1/(-7)). Suppose 0 = -3*t - y + 17, t - 1 = y + f. Suppose h = t*h - 68. Calculate the remainder when 66 is divided by h.
15
Let g be (-190)/25 + (-2)/5. Calculate the remainder when (g/(-2) - 1)/3 is divided by 1.
0
Calculate the remainder when 144 is divided by (3/(-9))/(1/87)*-1.
28
Let q(x) = -28*x**3 - 3 - x + 4 - 2 + x**2. What is the remainder when q(-1) is divided by 15?
14
What is the remainder when 30 is divided by (-5)/(25/4) + (-168)/(-10)?
14
Suppose -92 = -3*o + 2*o. What is the remainder when o is divided by 24?
20
Let m(b) = -b**3 + 5*b**2 + 3. Let o(d) = -d**3 - 3*d**2 + 4*d + 5. Let w be o(-4). Calculate the remainder when 10 is divided by m(w).
1
Let p be (0/(-3) - 0)*-1. Suppose p*n - 92 = -2*n. Let b = n - 33. What is the remainder when 25 is divided by b?
12
Suppose -3*z = -z - 10. Suppose 11 = p - a, z*p + 3*a = 7*p - 20. What is the remainder when 38 is divided by p?
12
Let u(j) = -j - 1. Let d be u(-8). Let h = d - -5. Calculate the remainder when 22 is divided by h.
10
Suppose m = -5 + 51. Suppose -m = -l + 7. What is the remainder when l is divided by 18?
17
Let q = -16 - -18. Suppose 0 = y - q*y + 10. What is the remainder when y is divided by 4/2*1*2?
2
Let a(m) = -m**2 - 1. Let r(o) = -2*o**2 + 12*o + 1. Let v(s) = 3*a(s) - r(s). Suppose 4*n - 12 + 56 = 0. What is the remainder when v(n) is divided by 2?
1
Let q be (-1 - (-1 - 1)) + 1. Let x(d) = 16*d + 1. What is the remainder when x(q) is divided by 4/((-4)/(-15)) - -2?
16
Let b(i) = i**2 + 3*i. Let n be b(3). Let y = -6 + n. What is the remainder when 34 is divided by y?
10
Let y(w) = w**3 - 8*w**2 + 4*w + 9. Calculate the remainder when y(8) is divided by 21.
20
Suppose 5*u = x + 2 - 12, 12 = -4*u. Let r(n) = -2*n + 1. What is the remainder when r(x) is divided by 3?
2
Let v = 39 + -16. Calculate the remainder when 91 is divided by v.
22
Suppose 9*j = 4*j - 2*t + 275, 3*j - 161 = -2*t. What is the remainder when j is divided by 30?
27
Let j(u) = u**2 + 3*u + 12. What is the remainder when j(9) is divided by 11?
10
Suppose 0 = -0*o + o - 2. Suppose -2*t = -0*t + p - o, -3*t + 2*p = -10. Calculate the remainder when 0 - (-23 + (t - 2)) is divided by 8.
7
Let t(i) = -i**2 + 11*i + 4. Let l(j) = -3*j**3 + j**2 + 2*j + 1. Let s be l(-1). Suppose -s*o - 18 = -4*o. Calculate the remainder when t(5) is divided by o.
16
Let l(w) = -2*w**3 + 14*w**2 - 16*w - 3. What is the remainder when l(5) is divided by (-2 + 1)*(0 - 5)?
2
Suppose 0 = -4*t + 3*y + 35, 0*t = 5*t - 4*y - 